remainder when 506 is divided by (-4 - -10) + ((-4)/(-1) - 2254/(-14))?
164
Let g = -5 + 43. Suppose 2*m - 68 = -62. What is the remainder when g is divided by m?
2
Suppose 944 = -4*t + 5273 + 5939. Calculate the remainder when t is divided by 71.
11
Suppose -18*g = -7*g + 7106. Let j(n) = n**3 + 6*n**2 + 6*n + 6. What is the remainder when g/(-26) + 1 - (-4)/26 is divided by j(-4)?
12
Suppose 401 - 1430 = -f - 3*t, -4071 = -4*f + 3*t. Suppose -28*h + f = -11*h. What is the remainder when h is divided by 6?
0
Let n be 49/14 - (-3)/(-6). Suppose n*l - 42 = -2*s, l = -s - 0*s + 14. What is the remainder when l is divided by 11?
3
Let k(v) = 2*v**3 + 24*v**2 - 107*v + 15. Suppose 4*a + 16 = 8*a. Suppose 4 = -a*h + 140. Calculate the remainder when k(4) is divided by h.
31
Let s(r) = r + 4. Let a be s(2). Suppose -6 = a*g + 48. Calculate the remainder when 158 is divided by 160/6*(-5)/(30/g).
38
Suppose -52 - 47 = -p. Suppose -o + p = 2*o. Calculate the remainder when o is divided by ((-2)/(-10))/((-3)/(-129)) - (-2734)/6835.
6
Let m be 382/18 - 6/27. Calculate the remainder when 1224/m + 2/(-7) is divided by (200/30 - -10) + (-2)/(-6).
7
Let m(i) = 31*i**2 - 205*i + 1512. Calculate the remainder when 3196 is divided by m(7).
4
Calculate the remainder when (-1 + (-8)/(-3))/((-570)/(-947340)) is divided by 63.
61
Suppose 0*d = 2*z + 5*d - 185, -d = -3*z + 235. Let s(x) = 2*x**2 - 9*x + 3. Let u be s(6). Let a = z + u. What is the remainder when a is divided by 26?
23
Suppose -3*k + 15 = -12. Suppose -k = -4*v + 19. Let x(r) = r**2 - 3*r - 4. What is the remainder when x(v) is divided by 5?
4
Let n(o) = -3*o + 10. Let x be n(2). Suppose -5*s + 115 = -x*g, -3*s - g + 76 = -2*g. Calculate the remainder when 65 is divided by s.
11
Let v(i) = -17*i - 39. Let f(u) = -8*u - 19. Let h(g) = 5*f(g) - 2*v(g). Calculate the remainder when h(-24) is divided by 27.
19
Let w(j) = -j**3 + 6*j**2 + 19*j - 83. What is the remainder when 461 is divided by w(4)?
11
Let u(a) = -17 + 0*a + 6*a + 2*a. Let w(s) = -4*s**3 + 7*s + 2. Calculate the remainder when w(-3) is divided by u(5).
20
Let b = 12083 + -9445. What is the remainder when b is divided by 20?
18
Suppose 252 = 19*q - 318. Let b = q + -12. Calculate the remainder when 66 is divided by b.
12
Let g(w) = -w**3 - 8*w**2 + 9*w - 12. Let q be g(-9). Let d = q - -19. Let a(c) = -c**3 + 7*c**2 + 11. Calculate the remainder when 107 is divided by a(d).
8
Suppose 744 = 2*a - 26. Suppose -1489 = -4*l - 0*l - z, -a = -l + 4*z. What is the remainder when l is divided by 25?
23
Let s = -15258 - -15364. Calculate the remainder when 215 is divided by s.
3
Let n = -453 + 687. Suppose -4*f = 6 + n. Let g = 65 + f. Calculate the remainder when 14 is divided by g.
4
Suppose 0 = 882*k - 864*k - 198. Let i = -44 - -73. What is the remainder when i is divided by k?
7
Calculate the remainder when 3462 is divided by ((-4)/18 - 0) + (-29469)/(-297).
96
What is the remainder when ((-3104)/(-6))/(931/(-57) - -17) is divided by 26?
22
Let x = 14944 + -14560. Calculate the remainder when x is divided by 113.
45
Suppose 0 = 99*k - 90*k - 333. What is the remainder when 227 is divided by k?
5
Let d be (200/15*-57)/(-2). Let h = d - -27. Calculate the remainder when h is divided by 82.
79
Let c = 7863 + -7801. Calculate the remainder when 450 is divided by c.
16
Let g(y) = -2*y**3 + 11*y**2 + 12. Let v be g(6). What is the remainder when ((-717)/12)/(75/v + 3) is divided by 23?
18
Let s(l) = l**3 + 5*l**2 + 6*l - 8. Let b be s(6). Let r = 488 - b. Let p = 43 - 19. Calculate the remainder when r is divided by p.
16
Suppose -2*v + 255 - 247 = 0, -2*k - 2*v = -42772. What is the remainder when k is divided by 5?
2
Suppose -477*t - 2556 = -489*t. Calculate the remainder when 427 is divided by t.
1
Let j = -43 - -10. Let o(f) = f**2 + 34*f + 97. What is the remainder when o(j) is divided by 12?
4
Let s(l) = -89*l + 20. Let y be s(-5). Let u = y - 187. What is the remainder when u is divided by 71?
65
Calculate the remainder when 7/(0 - (-4)/92) is divided by 66.
29
Suppose -1352*u = -1357*u + n + 2087, -4*n - 860 = -2*u. Calculate the remainder when 1266 is divided by u.
18
Let w = -539 + 256. Let y = w + 296. Suppose z + 80 = 2*r, -3*r + 0*z = -3*z - 126. What is the remainder when r is divided by y?
12
Let o(i) = -4725*i - 168. Calculate the remainder when o(-1) is divided by 80.
77
Suppose -24 = 4*k, -k + 216 = 3*j - 156. Suppose 242 = 5*p - 3*d, -177 - 22 = -4*p - 3*d. Calculate the remainder when j is divided by p.
28
What is the remainder when (-14*(-7)/49)/((-4)/(-3184)) is divided by 145?
142
Suppose 73*a + 50*a = 38*a + 226525. Calculate the remainder when a is divided by 127.
125
Let z be (3/((-12)/56))/(2 + -1). Let k = -129 - z. Let p = k + 236. What is the remainder when p is divided by 41?
39
Let x(o) = 3*o**2 - 114*o - 34. What is the remainder when 1983 is divided by x(39)?
74
Suppose 35 = -11*v + 127 + 95. What is the remainder when 1261 is divided by v?
3
Let g(k) = k - 4. Let m be g(7). Suppose f + 1 = 0, -5*u + 5*f + 537 = m*f. Calculate the remainder when u is divided by 16 + 1 + (-1)/(-1).
17
Let h be (-3)/(-15) - (-447)/15. Suppose -2739 = -h*r - 3*r. Suppose 4*n = 34 + 34. What is the remainder when r is divided by n?
15
Let r(t) = -3 - 11*t + 1 - 12*t + 6*t. Let h = -2122 - -2129. What is the remainder when r(-2) is divided by h?
4
Suppose -4*l = -n + 5*n - 8, -4*l = -3*n - 15. Calculate the remainder when 34 is divided by 28 + (-30)/((-15)/l).
0
Let s be (-115)/(-35) + (-4 - 26/(-7)). Suppose g + s*d - 141 - 4 = 0, 0 = -3*d + 15. What is the remainder when g is divided by 33?
31
Suppose -3*r = -f - 3, 2*r - 4 = -2*f + 3*r. Suppose -f*c = -3*l - 0*c + 30, -c = 3*l - 34. Calculate the remainder when 239 is divided by l.
8
Let h(d) = -28*d - 163. Suppose 0*j = j + 6. Calculate the remainder when 19 is divided by h(j).
4
Let v be (-17 - -20) + (2 - -1). Let g(l) = -89*l - 40. Let x be g(v). What is the remainder when 10/(-2)*x/35 is divided by 24?
10
Suppose 4*f = 20, 2*h - f + 132 = -83. What is the remainder when 51 is divided by 3/7 - 1425/h?
9
Let z(j) = 2*j**2 - 20*j + 68. Let r(n) = 3*n + 100. Let t be r(-31). Let o(q) = -2*q - 5. Calculate the remainder when z(t) is divided by o(-6).
5
Let t = 35 + -32. Suppose 5*i + 3*k = 2*k + 10, t*k = i - 2. Suppose x = 3*n + 6, 2*x = -i*n + 3*n + 32. What is the remainder when 50 is divided by x?
14
Let x(z) = 29*z - 4073. What is the remainder when 953 is divided by x(143)?
65
Let o = -532 - -808. Calculate the remainder when o is divided by 252.
24
Let m(x) be the third derivative of x**4/24 + 7*x**3/6 + 30*x**2. Let t be m(6). Suppose 5*y - 87 = t. Calculate the remainder when y is divided by 6.
2
Suppose -18 = -3*v - v + 3*q, 5*v - 2*q - 19 = 0. Suppose 0 = b - 3*o - 12, -v*b + 5*o - 35 = -5*b. What is the remainder when 74 is divided by (b/4)/(9/60)?
24
Let h(u) = -13*u - 34. Let r be h(-3). Suppose -r*l = -6*l + 27. Calculate the remainder when 105 is divided by l.
24
Suppose 0 = -5*h + 549 + 226. Let r = 296 - 296. Suppose -3*y + q + 41 = r, -y - 7*q + 9 = -5*q. Calculate the remainder when h is divided by y.
12
What is the remainder when 6/(-4) + 13002/12 + -20 is divided by 4?
2
Let o = -940 - -2771. What is the remainder when o is divided by 47?
45
Suppose 12*t - 8*t + s - 3531 = 0, s + 884 = t. Calculate the remainder when 1767 is divided by t.
1
Suppose 33*q = 44*q + 988 - 3782. What is the remainder when 269 is divided by q?
15
Suppose 0*m + m = 335. Calculate the remainder when m is divided by (1/((-13)/312) - 42/(-6))*-1.
12
Let q be 12/(-150) + (-13476)/300. Let n be (-2 + 0)*(-17)/(-1). Let d = n - q. What is the remainder when d is divided by 3?
2
Suppose -71 = -5*c - 3*n, 4*c + 4*n = -c + 68. Suppose c*d = 11*d + 10, 5*y = -5*d + 885. Calculate the remainder when y is divided by 12.
7
Let b = -39 + 66. Let l(w) = -24*w + 107. Let q be l(4). Suppose q*p = 24*p - 1014. Calculate the remainder when p is divided by b.
24
Suppose -j + 3*c + 5 = 0, 4*c - 38 = -3*j + 16. Suppose -3*n + 33 = 4*y, 2*y + 22 = 3*y - 2*n. Calculate the remainder when j is divided by y.
2
Let k(g) = 330*g + 3241. What is the remainder when k(20) is divided by 107?
104
Let v be (-4)/7 -